{"id":3798,"date":"2025-04-21T09:44:27","date_gmt":"2025-04-21T09:44:27","guid":{"rendered":"https:\/\/physio-area.net\/?post_type=product&#038;p=3798"},"modified":"2025-04-21T09:44:27","modified_gmt":"2025-04-21T09:44:27","slug":"komprex-10-cm-x-1-m-x-1-cm","status":"publish","type":"product","link":"https:\/\/physio-area.net\/index.php\/product\/komprex-10-cm-x-1-m-x-1-cm\/","title":{"rendered":"Komprex\u00ae 10 cm x 1 m x 1 cm"},"content":{"rendered":"<p class=\"\" data-start=\"40\" data-end=\"121\"><span class=\"relative -mx-px my-[-0.2rem] rounded px-px py-[0.2rem] transition-colors duration-100 ease-in-out\"><strong data-start=\"0\" data-end=\"31\" data-is-only-node=\"\">Komprex\u00ae 10 cm x 1 m x 1 cm<\/strong> nga <strong data-start=\"36\" data-end=\"58\">Lohmann &amp; Rauscher<\/strong> \u00ebsht\u00eb nj\u00eb fash\u00eb e specializuar prej shkum\u00eb gome t\u00eb mbyllur, e projektuar p\u00ebr t\u00eb ofruar kompresion t\u00eb q\u00ebndruesh\u00ebm dhe mb\u00ebshtetje n\u00eb trajtimin e edem\u00ebs n\u00eb fushat e flebologjis\u00eb dhe limfologjis\u00eb.<\/span>\u200b<\/p>\n<h3 class=\"\" data-start=\"123\" data-end=\"156\"><strong data-start=\"127\" data-end=\"156\">Karakteristikat kryesore:<\/strong><\/h3>\n<ul data-start=\"157\" data-end=\"622\">\n<li class=\"\" data-start=\"157\" data-end=\"211\">\n<p class=\"\" data-start=\"159\" data-end=\"211\"><strong data-start=\"159\" data-end=\"173\">Materiali:<\/strong> <span class=\"relative -mx-px my-[-0.2rem] rounded px-px py-[0.2rem] transition-colors duration-100 ease-in-out\">100% gom\u00eb sintetike (styrene-butadiene)<\/span><\/p>\n<\/li>\n<li class=\"\" data-start=\"212\" data-end=\"271\">\n<p class=\"\" data-start=\"214\" data-end=\"271\"><strong data-start=\"214\" data-end=\"233\">P\u00ebrshkueshm\u00ebri:<\/strong> <span class=\"relative -mx-px my-[-0.2rem] rounded px-px py-[0.2rem] transition-colors duration-100 ease-in-out\">Lejon qarkullimin e ajrit dhe avullit t\u00eb ujit, duke parandaluar akumulimin e lag\u00ebshtis\u00eb<\/span><\/p>\n<\/li>\n<li class=\"\" data-start=\"272\" data-end=\"331\">\n<p class=\"\" data-start=\"274\" data-end=\"331\"><strong data-start=\"274\" data-end=\"293\">P\u00ebrshtatshm\u00ebri:<\/strong> <span class=\"relative -mx-px my-[-0.2rem] rounded px-px py-[0.2rem] transition-colors duration-100 ease-in-out\">Mund t\u00eb pritet leht\u00ebsisht n\u00eb madh\u00ebsi dhe forma t\u00eb ndryshme sipas nevoj\u00ebs klinike<\/span><\/p>\n<\/li>\n<li class=\"\" data-start=\"332\" data-end=\"397\">\n<p class=\"\" data-start=\"334\" data-end=\"397\"><strong data-start=\"334\" data-end=\"359\">P\u00ebrdorim i kombinuar:<\/strong> <span class=\"relative -mx-px my-[-0.2rem] rounded px-px py-[0.2rem] transition-colors duration-100 ease-in-out\">Rrit efektin e kompresionit kur p\u00ebrdoret s\u00eb bashku me fashat kompresive si Rosidal K<\/span><\/p>\n<\/li>\n<li class=\"\" data-start=\"398\" data-end=\"465\">\n<p class=\"\" data-start=\"400\" data-end=\"465\"><strong data-start=\"400\" data-end=\"427\">P\u00ebrdorim i shum\u00ebfisht\u00eb:<\/strong> <span class=\"relative -mx-px my-[-0.2rem] rounded px-px py-[0.2rem] transition-colors duration-100 ease-in-out\">E rip\u00ebrdorshme dhe e q\u00ebndrueshme n\u00eb p\u00ebrdorim afatgjat\u00eb<\/span><\/p>\n<\/li>\n<li class=\"\" data-start=\"466\" data-end=\"521\">\n<p class=\"\" data-start=\"468\" data-end=\"521\"><strong data-start=\"468\" data-end=\"483\">Sterilizim:<\/strong> <span class=\"relative -mx-px my-[-0.2rem] rounded px-px py-[0.2rem] transition-colors duration-100 ease-in-out\">Mund t\u00eb sterilizohet me avull n\u00eb 121\u00b0C<\/span><\/p>\n<\/li>\n<li class=\"\" data-start=\"522\" data-end=\"622\">\n<p class=\"\" data-start=\"524\" data-end=\"622\"><strong data-start=\"524\" data-end=\"538\">Pa lateks:<\/strong> <span class=\"relative -mx-px my-[-0.2rem] rounded px-px py-[0.2rem] transition-colors duration-100 ease-in-out\">E sigurt p\u00ebr pacient\u00ebt me ndjeshm\u00ebri ndaj lateksit<\/span><\/p>\n<\/li>\n<\/ul>\n<h3 class=\"\" data-start=\"624\" data-end=\"656\"><strong data-start=\"628\" data-end=\"656\">P\u00ebrdorimi i rekomanduar:<\/strong><\/h3>\n<ul data-start=\"657\" data-end=\"870\">\n<li class=\"\" data-start=\"657\" data-end=\"698\">\n<p class=\"\" data-start=\"659\" data-end=\"698\"><span class=\"relative -mx-px my-[-0.2rem] rounded px-px py-[0.2rem] transition-colors duration-100 ease-in-out\">Trajtimi i edem\u00ebs n\u00eb flebologji dhe limfologji<\/span><\/p>\n<\/li>\n<li class=\"\" data-start=\"699\" data-end=\"740\">\n<p class=\"\" data-start=\"701\" data-end=\"740\"><span class=\"relative -mx-px my-[-0.2rem] rounded px-px py-[0.2rem] transition-colors duration-100 ease-in-out\">Mbushja e pjes\u00ebve specifike anatomike p\u00ebr t\u00eb siguruar kompresion t\u00eb barabart\u00eb<\/span><\/p>\n<\/li>\n<li class=\"\" data-start=\"741\" data-end=\"782\">\n<p class=\"\" data-start=\"743\" data-end=\"782\"><span class=\"relative -mx-px my-[-0.2rem] rounded px-px py-[0.2rem] transition-colors duration-100 ease-in-out\">Rritja e presionit lokal n\u00eb kombinim me produkte t\u00eb tjera kompresive<\/span><\/p>\n<\/li>\n<li class=\"\" data-start=\"783\" data-end=\"870\">\n<p class=\"\" data-start=\"785\" data-end=\"870\"><span class=\"relative -mx-px my-[-0.2rem] rounded px-px py-[0.2rem] transition-colors duration-100 ease-in-out\">Zbutja e indit fibrotik<\/span>\u200b<\/p>\n<\/li>\n<\/ul>\n<h3 class=\"\" data-start=\"872\" data-end=\"905\"><strong data-start=\"876\" data-end=\"905\">Specifikimet e produktit:<\/strong><\/h3>\n<ul data-start=\"906\" data-end=\"1058\">\n<li class=\"\" data-start=\"906\" data-end=\"961\">\n<p class=\"\" data-start=\"908\" data-end=\"961\"><strong data-start=\"908\" data-end=\"921\">P\u00ebrmasat:<\/strong> <span class=\"relative -mx-px my-[-0.2rem] rounded px-px py-[0.2rem] transition-colors duration-100 ease-in-out\">10 cm x 1 m x 1 cm<\/span><\/p>\n<\/li>\n<\/ul>\n<p class=\"\" data-start=\"1060\" data-end=\"1332\"><strong data-start=\"1060\" data-end=\"1072\">Komprex\u00ae<\/strong> \u00ebsht\u00eb nj\u00eb zgjidhje e besueshme dhe e efektshme p\u00ebr profesionist\u00ebt e kujdesit sh\u00ebndet\u00ebsor q\u00eb k\u00ebrkojn\u00eb t\u00eb ofrojn\u00eb kompresion t\u00eb q\u00ebndruesh\u00ebm dhe mb\u00ebshtetje n\u00eb trajtimin e edem\u00ebs dhe \u00e7rregullimeve t\u00eb tjera t\u00eb lidhura.\u200b<\/p>\n","protected":false},"excerpt":{"rendered":"<p>Komprex\u00ae 10 cm x 1 m x 1 cm nga Lohmann &amp; Rauscher \u00ebsht\u00eb nj\u00eb fash\u00eb e specializuar prej shkum\u00eb gome t\u00eb mbyllur, e projektuar p\u00ebr t\u00eb ofruar kompresion t\u00eb [&hellip;]<\/p>\n","protected":false},"featured_media":3799,"comment_status":"open","ping_status":"closed","template":"","meta":{"saved_in_kubio":false,"ub_ctt_via":"","_price":"10.24","_stock":"","_tribe_ticket_header":"","_tribe_default_ticket_provider":"","_tribe_ticket_capacity":"0","_ticket_start_date":"","_ticket_end_date":"","_tribe_ticket_show_description":"","_tribe_ticket_show_not_going":false,"_tribe_ticket_use_global_stock":"","_tribe_ticket_global_stock_level":"","_global_stock_mode":"","_global_stock_cap":"","_tribe_rsvp_for_event":"","_tribe_ticket_going_count":"","_tribe_ticket_not_going_count":"","_tribe_tickets_list":"[]","_tribe_ticket_has_attendee_info_fields":false},"product_cat":[50],"product_tag":[],"yoast_head":"<!-- This site is optimized with the Yoast SEO plugin v22.0 - https:\/\/yoast.com\/wordpress\/plugins\/seo\/ -->\n<title>Komprex\u00ae 10 cm x 1 m x 1 cm - physio-area.net<\/title>\n<meta name=\"robots\" content=\"index, follow, max-snippet:-1, max-image-preview:large, max-video-preview:-1\" \/>\n<link rel=\"canonical\" href=\"https:\/\/physio-area.net\/index.php\/product\/komprex-10-cm-x-1-m-x-1-cm\/\" \/>\n<meta property=\"og:locale\" content=\"en_US\" \/>\n<meta property=\"og:type\" content=\"article\" \/>\n<meta property=\"og:title\" content=\"Komprex\u00ae 10 cm x 1 m x 1 cm - physio-area.net\" \/>\n<meta property=\"og:description\" content=\"Komprex\u00ae 10 cm x 1 m x 1 cm nga Lohmann &amp; Rauscher \u00ebsht\u00eb nj\u00eb fash\u00eb e specializuar prej shkum\u00eb gome t\u00eb mbyllur, e projektuar p\u00ebr t\u00eb ofruar kompresion t\u00eb [&hellip;]\" \/>\n<meta property=\"og:url\" content=\"https:\/\/physio-area.net\/index.php\/product\/komprex-10-cm-x-1-m-x-1-cm\/\" \/>\n<meta property=\"og:site_name\" content=\"physio-area.net\" \/>\n<meta property=\"og:image\" content=\"http:\/\/physio-area.net\/wp-content\/uploads\/2025\/04\/komprex-10cm-x-1m-x-1cm.jpg\" \/>\n\t<meta property=\"og:image:width\" content=\"567\" \/>\n\t<meta property=\"og:image:height\" content=\"432\" \/>\n\t<meta property=\"og:image:type\" content=\"image\/jpeg\" \/>\n<meta name=\"twitter:card\" content=\"summary_large_image\" \/>\n<meta name=\"twitter:label1\" content=\"Est. reading time\" \/>\n\t<meta name=\"twitter:data1\" content=\"2 minutes\" \/>\n<script type=\"application\/ld+json\" class=\"yoast-schema-graph\">{\"@context\":\"https:\/\/schema.org\",\"@graph\":[{\"@type\":\"WebPage\",\"@id\":\"https:\/\/physio-area.net\/index.php\/product\/komprex-10-cm-x-1-m-x-1-cm\/\",\"url\":\"https:\/\/physio-area.net\/index.php\/product\/komprex-10-cm-x-1-m-x-1-cm\/\",\"name\":\"Komprex\u00ae 10 cm x 1 m x 1 cm - physio-area.net\",\"isPartOf\":{\"@id\":\"https:\/\/physio-area.net\/#website\"},\"datePublished\":\"2025-04-21T09:44:27+00:00\",\"dateModified\":\"2025-04-21T09:44:27+00:00\",\"breadcrumb\":{\"@id\":\"https:\/\/physio-area.net\/index.php\/product\/komprex-10-cm-x-1-m-x-1-cm\/#breadcrumb\"},\"inLanguage\":\"en-US\",\"potentialAction\":[{\"@type\":\"ReadAction\",\"target\":[\"https:\/\/physio-area.net\/index.php\/product\/komprex-10-cm-x-1-m-x-1-cm\/\"]}]},{\"@type\":\"BreadcrumbList\",\"@id\":\"https:\/\/physio-area.net\/index.php\/product\/komprex-10-cm-x-1-m-x-1-cm\/#breadcrumb\",\"itemListElement\":[{\"@type\":\"ListItem\",\"position\":1,\"name\":\"Home\",\"item\":\"https:\/\/physio-area.net\/\"},{\"@type\":\"ListItem\",\"position\":2,\"name\":\"Categories\",\"item\":\"https:\/\/physio-area.net\/index.php\/events-2\/categories\/\"},{\"@type\":\"ListItem\",\"position\":3,\"name\":\"Komprex\u00ae 10 cm x 1 m x 1 cm\"}]},{\"@type\":\"WebSite\",\"@id\":\"https:\/\/physio-area.net\/#website\",\"url\":\"https:\/\/physio-area.net\/\",\"name\":\"physio-area.net\",\"description\":\"\",\"potentialAction\":[{\"@type\":\"SearchAction\",\"target\":{\"@type\":\"EntryPoint\",\"urlTemplate\":\"https:\/\/physio-area.net\/?s={search_term_string}\"},\"query-input\":\"required name=search_term_string\"}],\"inLanguage\":\"en-US\"}]}<\/script>\n<!-- \/ Yoast SEO plugin. -->","yoast_head_json":{"title":"Komprex\u00ae 10 cm x 1 m x 1 cm - physio-area.net","robots":{"index":"index","follow":"follow","max-snippet":"max-snippet:-1","max-image-preview":"max-image-preview:large","max-video-preview":"max-video-preview:-1"},"canonical":"https:\/\/physio-area.net\/index.php\/product\/komprex-10-cm-x-1-m-x-1-cm\/","og_locale":"en_US","og_type":"article","og_title":"Komprex\u00ae 10 cm x 1 m x 1 cm - physio-area.net","og_description":"Komprex\u00ae 10 cm x 1 m x 1 cm nga Lohmann &amp; Rauscher \u00ebsht\u00eb nj\u00eb fash\u00eb e specializuar prej shkum\u00eb gome t\u00eb mbyllur, e projektuar p\u00ebr t\u00eb ofruar kompresion t\u00eb [&hellip;]","og_url":"https:\/\/physio-area.net\/index.php\/product\/komprex-10-cm-x-1-m-x-1-cm\/","og_site_name":"physio-area.net","og_image":[{"width":567,"height":432,"url":"http:\/\/physio-area.net\/wp-content\/uploads\/2025\/04\/komprex-10cm-x-1m-x-1cm.jpg","type":"image\/jpeg"}],"twitter_card":"summary_large_image","twitter_misc":{"Est. reading time":"2 minutes"},"schema":{"@context":"https:\/\/schema.org","@graph":[{"@type":"WebPage","@id":"https:\/\/physio-area.net\/index.php\/product\/komprex-10-cm-x-1-m-x-1-cm\/","url":"https:\/\/physio-area.net\/index.php\/product\/komprex-10-cm-x-1-m-x-1-cm\/","name":"Komprex\u00ae 10 cm x 1 m x 1 cm - physio-area.net","isPartOf":{"@id":"https:\/\/physio-area.net\/#website"},"datePublished":"2025-04-21T09:44:27+00:00","dateModified":"2025-04-21T09:44:27+00:00","breadcrumb":{"@id":"https:\/\/physio-area.net\/index.php\/product\/komprex-10-cm-x-1-m-x-1-cm\/#breadcrumb"},"inLanguage":"en-US","potentialAction":[{"@type":"ReadAction","target":["https:\/\/physio-area.net\/index.php\/product\/komprex-10-cm-x-1-m-x-1-cm\/"]}]},{"@type":"BreadcrumbList","@id":"https:\/\/physio-area.net\/index.php\/product\/komprex-10-cm-x-1-m-x-1-cm\/#breadcrumb","itemListElement":[{"@type":"ListItem","position":1,"name":"Home","item":"https:\/\/physio-area.net\/"},{"@type":"ListItem","position":2,"name":"Categories","item":"https:\/\/physio-area.net\/index.php\/events-2\/categories\/"},{"@type":"ListItem","position":3,"name":"Komprex\u00ae 10 cm x 1 m x 1 cm"}]},{"@type":"WebSite","@id":"https:\/\/physio-area.net\/#website","url":"https:\/\/physio-area.net\/","name":"physio-area.net","description":"","potentialAction":[{"@type":"SearchAction","target":{"@type":"EntryPoint","urlTemplate":"https:\/\/physio-area.net\/?s={search_term_string}"},"query-input":"required name=search_term_string"}],"inLanguage":"en-US"}]}},"jetpack_sharing_enabled":true,"_links":{"self":[{"href":"https:\/\/physio-area.net\/index.php\/wp-json\/wp\/v2\/product\/3798"}],"collection":[{"href":"https:\/\/physio-area.net\/index.php\/wp-json\/wp\/v2\/product"}],"about":[{"href":"https:\/\/physio-area.net\/index.php\/wp-json\/wp\/v2\/types\/product"}],"replies":[{"embeddable":true,"href":"https:\/\/physio-area.net\/index.php\/wp-json\/wp\/v2\/comments?post=3798"}],"wp:featuredmedia":[{"embeddable":true,"href":"https:\/\/physio-area.net\/index.php\/wp-json\/wp\/v2\/media\/3799"}],"wp:attachment":[{"href":"https:\/\/physio-area.net\/index.php\/wp-json\/wp\/v2\/media?parent=3798"}],"wp:term":[{"taxonomy":"product_cat","embeddable":true,"href":"https:\/\/physio-area.net\/index.php\/wp-json\/wp\/v2\/product_cat?post=3798"},{"taxonomy":"product_tag","embeddable":true,"href":"https:\/\/physio-area.net\/index.php\/wp-json\/wp\/v2\/product_tag?post=3798"}],"curies":[{"name":"wp","href":"https:\/\/api.w.org\/{rel}","templated":true}]}}