{"id":2600,"date":"2024-02-13T08:18:03","date_gmt":"2024-02-13T08:18:03","guid":{"rendered":"https:\/\/physio-area.net\/?post_type=product&#038;p=2600"},"modified":"2025-07-14T14:12:51","modified_gmt":"2025-07-14T14:12:51","slug":"rea-tape-classic","status":"publish","type":"product","link":"https:\/\/physio-area.net\/index.php\/product\/rea-tape-classic\/","title":{"rendered":"Rea Tape Classic"},"content":{"rendered":"<p>Rea Tape Classic jan\u00eb shirita q\u00eb p\u00ebrdorin p\u00ebr trajtimin e dhimbjeve muskuloskeletale. Jan\u00eb rezistente ndaj ujit dhe mund t\u00eb mbahen n\u00eb trup nga 3-7 dit\u00eb. P\u00ebrb\u00ebhen nga pambuku dhe ngjit\u00ebs akrylik dhe nuk shkaktojn\u00eb irritim t\u00eb l\u00ebkur\u00ebs dhe alergji.<\/p>\n","protected":false},"excerpt":{"rendered":"<p>Rea Tape Classic jan\u00eb shirita q\u00eb p\u00ebrdorin p\u00ebr trajtimin e dhimbjeve muskuloskeletale. Jan\u00eb rezistente ndaj ujit dhe mund t\u00eb mbahen n\u00eb trup nga 3-7 dit\u00eb. P\u00ebrb\u00ebhen nga pambuku dhe ngjit\u00ebs [&hellip;]<\/p>\n","protected":false},"featured_media":3491,"comment_status":"open","ping_status":"closed","template":"","meta":{"saved_in_kubio":false,"ub_ctt_via":"","_price":"13.00","_stock":"19","_tribe_ticket_header":"","_tribe_default_ticket_provider":"","_tribe_ticket_capacity":"0","_ticket_start_date":"","_ticket_end_date":"","_tribe_ticket_show_description":"","_tribe_ticket_show_not_going":false,"_tribe_ticket_use_global_stock":"","_tribe_ticket_global_stock_level":"","_global_stock_mode":"","_global_stock_cap":"","_tribe_rsvp_for_event":"","_tribe_ticket_going_count":"","_tribe_ticket_not_going_count":"","_tribe_tickets_list":"[]","_tribe_ticket_has_attendee_info_fields":false},"product_cat":[46],"product_tag":[],"yoast_head":"<!-- This site is optimized with the Yoast SEO plugin v22.0 - https:\/\/yoast.com\/wordpress\/plugins\/seo\/ -->\n<title>Rea Tape Classic - physio-area.net<\/title>\n<meta name=\"robots\" content=\"index, follow, max-snippet:-1, max-image-preview:large, max-video-preview:-1\" \/>\n<link rel=\"canonical\" href=\"https:\/\/physio-area.net\/index.php\/product\/rea-tape-classic\/\" \/>\n<meta property=\"og:locale\" content=\"en_US\" \/>\n<meta property=\"og:type\" content=\"article\" \/>\n<meta property=\"og:title\" content=\"Rea Tape Classic - physio-area.net\" \/>\n<meta property=\"og:description\" content=\"Rea Tape Classic jan\u00eb shirita q\u00eb p\u00ebrdorin p\u00ebr trajtimin e dhimbjeve muskuloskeletale. Jan\u00eb rezistente ndaj ujit dhe mund t\u00eb mbahen n\u00eb trup nga 3-7 dit\u00eb. P\u00ebrb\u00ebhen nga pambuku dhe ngjit\u00ebs [&hellip;]\" \/>\n<meta property=\"og:url\" content=\"https:\/\/physio-area.net\/index.php\/product\/rea-tape-classic\/\" \/>\n<meta property=\"og:site_name\" content=\"physio-area.net\" \/>\n<meta property=\"article:modified_time\" content=\"2025-07-14T14:12:51+00:00\" \/>\n<meta property=\"og:image\" content=\"http:\/\/physio-area.net\/wp-content\/uploads\/2024\/02\/rea-tape-classic-5-cm-x-5-m-modry.jpg\" \/>\n\t<meta property=\"og:image:width\" content=\"700\" \/>\n\t<meta property=\"og:image:height\" content=\"444\" \/>\n\t<meta property=\"og:image:type\" content=\"image\/jpeg\" \/>\n<meta name=\"twitter:card\" content=\"summary_large_image\" \/>\n<meta name=\"twitter:label1\" content=\"Est. reading time\" \/>\n\t<meta name=\"twitter:data1\" content=\"1 minute\" \/>\n<script type=\"application\/ld+json\" class=\"yoast-schema-graph\">{\"@context\":\"https:\/\/schema.org\",\"@graph\":[{\"@type\":\"WebPage\",\"@id\":\"https:\/\/physio-area.net\/index.php\/product\/rea-tape-classic\/\",\"url\":\"https:\/\/physio-area.net\/index.php\/product\/rea-tape-classic\/\",\"name\":\"Rea Tape Classic - physio-area.net\",\"isPartOf\":{\"@id\":\"https:\/\/physio-area.net\/#website\"},\"datePublished\":\"2024-02-13T08:18:03+00:00\",\"dateModified\":\"2025-07-14T14:12:51+00:00\",\"breadcrumb\":{\"@id\":\"https:\/\/physio-area.net\/index.php\/product\/rea-tape-classic\/#breadcrumb\"},\"inLanguage\":\"en-US\",\"potentialAction\":[{\"@type\":\"ReadAction\",\"target\":[\"https:\/\/physio-area.net\/index.php\/product\/rea-tape-classic\/\"]}]},{\"@type\":\"BreadcrumbList\",\"@id\":\"https:\/\/physio-area.net\/index.php\/product\/rea-tape-classic\/#breadcrumb\",\"itemListElement\":[{\"@type\":\"ListItem\",\"position\":1,\"name\":\"Home\",\"item\":\"https:\/\/physio-area.net\/\"},{\"@type\":\"ListItem\",\"position\":2,\"name\":\"Categories\",\"item\":\"https:\/\/physio-area.net\/index.php\/events-2\/categories\/\"},{\"@type\":\"ListItem\",\"position\":3,\"name\":\"Rea Tape Classic\"}]},{\"@type\":\"WebSite\",\"@id\":\"https:\/\/physio-area.net\/#website\",\"url\":\"https:\/\/physio-area.net\/\",\"name\":\"physio-area.net\",\"description\":\"\",\"potentialAction\":[{\"@type\":\"SearchAction\",\"target\":{\"@type\":\"EntryPoint\",\"urlTemplate\":\"https:\/\/physio-area.net\/?s={search_term_string}\"},\"query-input\":\"required name=search_term_string\"}],\"inLanguage\":\"en-US\"}]}<\/script>\n<!-- \/ Yoast SEO plugin. -->","yoast_head_json":{"title":"Rea Tape Classic - physio-area.net","robots":{"index":"index","follow":"follow","max-snippet":"max-snippet:-1","max-image-preview":"max-image-preview:large","max-video-preview":"max-video-preview:-1"},"canonical":"https:\/\/physio-area.net\/index.php\/product\/rea-tape-classic\/","og_locale":"en_US","og_type":"article","og_title":"Rea Tape Classic - physio-area.net","og_description":"Rea Tape Classic jan\u00eb shirita q\u00eb p\u00ebrdorin p\u00ebr trajtimin e dhimbjeve muskuloskeletale. Jan\u00eb rezistente ndaj ujit dhe mund t\u00eb mbahen n\u00eb trup nga 3-7 dit\u00eb. P\u00ebrb\u00ebhen nga pambuku dhe ngjit\u00ebs [&hellip;]","og_url":"https:\/\/physio-area.net\/index.php\/product\/rea-tape-classic\/","og_site_name":"physio-area.net","article_modified_time":"2025-07-14T14:12:51+00:00","og_image":[{"width":700,"height":444,"url":"http:\/\/physio-area.net\/wp-content\/uploads\/2024\/02\/rea-tape-classic-5-cm-x-5-m-modry.jpg","type":"image\/jpeg"}],"twitter_card":"summary_large_image","twitter_misc":{"Est. reading time":"1 minute"},"schema":{"@context":"https:\/\/schema.org","@graph":[{"@type":"WebPage","@id":"https:\/\/physio-area.net\/index.php\/product\/rea-tape-classic\/","url":"https:\/\/physio-area.net\/index.php\/product\/rea-tape-classic\/","name":"Rea Tape Classic - physio-area.net","isPartOf":{"@id":"https:\/\/physio-area.net\/#website"},"datePublished":"2024-02-13T08:18:03+00:00","dateModified":"2025-07-14T14:12:51+00:00","breadcrumb":{"@id":"https:\/\/physio-area.net\/index.php\/product\/rea-tape-classic\/#breadcrumb"},"inLanguage":"en-US","potentialAction":[{"@type":"ReadAction","target":["https:\/\/physio-area.net\/index.php\/product\/rea-tape-classic\/"]}]},{"@type":"BreadcrumbList","@id":"https:\/\/physio-area.net\/index.php\/product\/rea-tape-classic\/#breadcrumb","itemListElement":[{"@type":"ListItem","position":1,"name":"Home","item":"https:\/\/physio-area.net\/"},{"@type":"ListItem","position":2,"name":"Categories","item":"https:\/\/physio-area.net\/index.php\/events-2\/categories\/"},{"@type":"ListItem","position":3,"name":"Rea Tape Classic"}]},{"@type":"WebSite","@id":"https:\/\/physio-area.net\/#website","url":"https:\/\/physio-area.net\/","name":"physio-area.net","description":"","potentialAction":[{"@type":"SearchAction","target":{"@type":"EntryPoint","urlTemplate":"https:\/\/physio-area.net\/?s={search_term_string}"},"query-input":"required name=search_term_string"}],"inLanguage":"en-US"}]}},"jetpack_sharing_enabled":true,"_links":{"self":[{"href":"https:\/\/physio-area.net\/index.php\/wp-json\/wp\/v2\/product\/2600"}],"collection":[{"href":"https:\/\/physio-area.net\/index.php\/wp-json\/wp\/v2\/product"}],"about":[{"href":"https:\/\/physio-area.net\/index.php\/wp-json\/wp\/v2\/types\/product"}],"replies":[{"embeddable":true,"href":"https:\/\/physio-area.net\/index.php\/wp-json\/wp\/v2\/comments?post=2600"}],"wp:featuredmedia":[{"embeddable":true,"href":"https:\/\/physio-area.net\/index.php\/wp-json\/wp\/v2\/media\/3491"}],"wp:attachment":[{"href":"https:\/\/physio-area.net\/index.php\/wp-json\/wp\/v2\/media?parent=2600"}],"wp:term":[{"taxonomy":"product_cat","embeddable":true,"href":"https:\/\/physio-area.net\/index.php\/wp-json\/wp\/v2\/product_cat?post=2600"},{"taxonomy":"product_tag","embeddable":true,"href":"https:\/\/physio-area.net\/index.php\/wp-json\/wp\/v2\/product_tag?post=2600"}],"curies":[{"name":"wp","href":"https:\/\/api.w.org\/{rel}","templated":true}]}}